mmon divisor of 14 and v?
14
Suppose -68*q + 65*q = -18. Suppose 0*g + q*g = 216. Suppose -3*v - 2*c = -81, 32*v - 27*v - 135 = -4*c. Calculate the greatest common divisor of g and v.
9
Let z be ((-7)/(-2))/(1/22). Suppose 2*g = 37*g + 10*g - 315. What is the highest common divisor of g and z?
7
Suppose 5*u = 135 + 85. Let j be (-132)/(-12) - ((-8)/(-4) - -1). Suppose j*q - 223 + 135 = 0. Calculate the greatest common divisor of q and u.
11
Suppose -2*x + 1886 = 3*f - 6*f, 3*x = -2*f - 1266. Let w be ((-16)/10)/(6/f). Calculate the highest common divisor of 24 and w.
24
Let w(r) = -r**3 + r**2 + 1077*r + 30208. Let a be w(0). Calculate the highest common divisor of a and 236.
236
Suppose -4*a = 3*h - 1384, -h - 5*a - 93 = -558. Let i = -42351 - -42627. Calculate the highest common factor of h and i.
92
Suppose -2*y - 5*a = -88, -5*y + 5*a = -79 - 1. Suppose 4*p - 59 + 11 = 0. What is the greatest common factor of p and y?
12
Let b be 30197 + (12/(-36))/(41/21 + -2). Calculate the greatest common divisor of 36 and b.
36
Suppose 14*n - 44*n - 180 = 0. Let k = 6 - n. Suppose -3*o - 2*h + 325 = -3*h, o = -2*h + 106. What is the greatest common factor of k and o?
12
Let y be 105/((-125)/(-64) - 2). Let i = -1237 - y. Calculate the greatest common factor of i and 17.
17
Let l be (-284 + 283)*(-13362)/2. What is the highest common divisor of l and 51?
51
Suppose 0 = 6*n - 11*n + 10. Let t(x) = 4*x**2 + 9 + 18*x - 3*x**2 - 23*x. Let k be t(4). What is the highest common factor of n and k?
1
Let y be ((-5)/(5/6))/(1020/(-2720)). What is the highest common factor of y and 76?
4
Let h be (-2*1/2)/6*6. Let l(b) = 9*b**2 + 7*b + 1. Let n be l(h). Calculate the highest common divisor of n and 111.
3
Suppose -18*s + 370 = -3*s + 100. What is the greatest common factor of s and 147?
3
Let o(x) = 21*x - 87. Let v be o(10). Let y be (24/10)/(-2)*(-410)/v. Calculate the highest common factor of 12 and y.
4
Let a = -32 - -37. Let m be 114 + a/20*0. Suppose 4*q + m = 2*o + q, 0 = -2*o + 4*q + 112. What is the highest common divisor of o and 12?
12
Suppose -12*c = -7*c - 110. Suppose -c*l + 1655 = -1711. What is the highest common factor of l and 9?
9
Let u(a) = 5*a - 30. Let x be u(7). Suppose -3*m + 168 + 267 = -3*d, 0 = -5*m + x. Let j be 2 - d - (-1 + 6). What is the highest common factor of j and 94?
47
Let r = -29 - -36. Let j be (3 + r*2/(-6))*39. Suppose 0 = j*m - 20*m - 78. Calculate the greatest common divisor of 52 and m.
13
Suppose -117*q + 32393 + 52144 + 6957 = 0. Calculate the greatest common divisor of q and 238.
34
Let l be 1/(-3) + (73/21 - (-168)/(-1176)). Let x be (-2)/(2*(-2)/8). What is the highest common divisor of l and x?
1
Let a be 5/(-5) + 2 + (4 - -83). Calculate the greatest common divisor of a and 506.
22
Suppose 36*g - 66*g = -120. Suppose 229*b = 230*b - 8. What is the greatest common factor of b and g?
4
Suppose r = 327 - 48. Suppose -9*m + 108 - r = 0. Let u = m + 110. Calculate the highest common factor of u and 13.
13
Let o(f) = -3*f - 12. Let x be o(-18). Let a = x - 28. What is the highest common divisor of a and 112?
14
Suppose 5*l - 5 = -30. Let i be (0 - 1) + (-80)/l. Let t be (((-1)/2)/((-406)/116))/((-6)/(-210)). Calculate the highest common factor of i and t.
5
Suppose -35*k + 1391 + 6169 = 0. Calculate the greatest common factor of k and 56.
8
Let o be 34*((-2)/10)/((-48)/360). Let k = 47 + o. Calculate the greatest common factor of 14 and k.
14
Suppose 5*w = -20, -2*k + 4*w - 264 = 6*w. Let l = -103 - k. Calculate the highest common factor of 50 and l.
25
Let g(n) = 3*n**3 - 10*n**2 - 10*n + 34. Let f be g(4). Calculate the greatest common factor of f and 1066.
26
Suppose 3*z = 2*f - 10 - 5, -2*z = -2*f + 10. Let d be 6 + (f - (-2 + -1)). Suppose -5*p + 12 = -3*p. What is the greatest common factor of p and d?
3
Let b = 4020 - 3937. What is the greatest common factor of 10375 and b?
83
Let s be (-1 - 0)*246/15*(-620)/248. What is the greatest common divisor of s and 9717?
41
Suppose 0 = -5*j + 2686 + 3434. Let o be j/28 + 4/14. Let r = o + 100. What is the highest common divisor of r and 18?
18
Let u be (2/3)/((-24)/(-252)). Let t(g) = -6 - 2*g + 7 + 3*g**2 - 5*g**2 + 4*g**3. Let f be t(2). Calculate the highest common factor of f and u.
7
Let v(n) = -4*n**2 - 318*n - 692. Let c be v(-70). Calculate the highest common factor of 697 and c.
41
Suppose 8 = f + 21. Let x = 31 + f. Calculate the greatest common factor of x and 288.
18
Suppose 2*w - 5*w = 0. Suppose -d - 5*o + 108 = 0, w = -7*d + 2*d - o + 636. Suppose 31 - 175 = -9*t. Calculate the greatest common divisor of d and t.
16
Let k be ((-9)/6 - 4)*-2. Let b = -9 + k. Let l(v) = 5*v. Let x be l(b). Calculate the highest common divisor of x and 30.
10
Let r = -35 - -44. Let i(h) = -2*h - 27. Let m be i(-13). Let v be (2 + m)/(5 - 4). Calculate the greatest common divisor of v and r.
1
Suppose 783 = 6*r + 777. What is the greatest common factor of 59 and r?
1
Let v(k) = 594*k + 255. Let a be v(3). Calculate the greatest common divisor of a and 42.
21
Suppose -175 = -3*a + 122. Let z = 124059 + -124050. What is the greatest common factor of a and z?
9
Suppose -65*j + 5*z = -67*j + 88, 4*z + 109 = 3*j. Let r(u) = u + 2. Let b be r(11). What is the greatest common factor of j and b?
13
Suppose -44511 = 55*w - 176346. What is the highest common divisor of w and 141?
141
Let z be 13 - (-28*12/72)/(6/(-9)). Calculate the highest common divisor of z and 4254.
6
Suppose -40568*s + 192 = -40562*s. Calculate the greatest common divisor of 16640 and s.
32
Let f(u) = u**3 + 30*u**2 + 54*u + 80. Let k be f(-28). What is the greatest common factor of 119 and k?
17
Let s = -10247 - -10855. Let j = -19 - -57. What is the highest common factor of s and j?
38
Let a(s) = -3*s + 7. Let n be a(-9). Let r be (4 + -6 - 0) + 134. Suppose 4*p - r = c + 548, -c + 340 = 2*p. What is the greatest common factor of p and n?
34
Suppose -5*p + p - 98 = -h, h - 94 = 2*p. Let s = h + -36. Calculate the greatest common factor of s and 351.
27
Let h(k) = 4*k**2 - 203*k - 114. Let q be h(59). Calculate the greatest common divisor of q and 564.
141
Let t = 1906 - 1330. Let m be 4/(-30) - (-29214)/405. Calculate the greatest common factor of m and t.
72
Let o(f) = -f**3 + 21*f**2 - 57*f - 47. Let z be o(17). Calculate the highest common factor of z and 700.
140
Suppose -2*i + 1768 = -5*h, -5*i + 884 = -4*i + 4*h. Calculate the greatest common factor of 676 and i.
52
Let z be 452 + 1 + (-9)/3. Let n be (36/14)/(20/140). What is the highest common divisor of z and n?
18
Suppose 4*j + 5 = 3*f + 1, 5*f = 2*j - 12. Let w be (f + (-68)/(-12))*24. What is the greatest common factor of 440 and w?
40
Let h be ((-11)/(-10) + 447/(-298))*5/(-2). What is the greatest common divisor of 1435 and h?
1
Suppose -6 = p - 9, 3*p = d + 5. Let q be ((-44)/(-5) - d)*(-20)/(-3). What is the greatest common factor of 28 and q?
4
Suppose 10*h - 80 - 154 = -3*h. Calculate the greatest common factor of h and 17244.
18
Suppose -185 = -6*y - 17. Let s = y + -20. Let u be (s/(-6))/(22/(-231)). Calculate the highest common factor of 42 and u.
14
Let r = 7975 - 7804. What is the greatest common factor of r and 3876?
57
Let q = -3 + 14. Suppose 0 = 13*n + 21*n + 10*n - 5324. What is the greatest common factor of n and q?
11
Let p(k) = 169*k**2 - 2*k - 6. Let r be p(-2). Let g = -470 + r. Suppose 5*v = g + 146. Calculate the highest common divisor of v and 35.
35
Suppose -71 = 2*m - 95. Let a = 910 + -562. What is the greatest common divisor of m and a?
12
Suppose 2*z = s, -8*s - 40 = -5*s + 4*z. Let q(f) = 2*f + 25. Let o be q(s). Let p be -1 + o + (1 + -1)/(-1). What is the greatest common factor of p and 64?
8
Let j(w) = -7*w + 2. Let o be (2 - (-2)/(-2)) + (2 - 12). Let y be j(o). What is the greatest common factor of y and 13?
13
Suppose 30*v - 5321 - 3859 = 0. What is the greatest common divisor of 63 and v?
9
Let u be (7/49)/((-1)/(-21)). Let w be 14 - ((-60)/(-40))/(u/8). Calculate the highest common divisor of w and 205.
5
Suppose 118 = 4*f - 2*s, 17*f - 21*f - 2*s + 138 = 0. Calculate the greatest common divisor of f and 3440.
16
Suppose 515620 = -887*t - 881*t + 1797*t. What is the highest common factor of t and 40?
20
Let